t is the hundreds digit of 6249?
2
What is the tens digit of 8313?
1
What is the tens digit of 798?
9
What is the units digit of 6033?
3
What is the ten thousands digit of 31431?
3
What is the hundreds digit of 28993?
9
What is the thousands digit of 5774?
5
What is the units digit of 2386?
6
What is the units digit of 715?
5
What is the thousands digit of 1460?
1
What is the units digit of 14046?
6
What is the tens digit of 564?
6
What is the tens digit of 30707?
0
What is the units digit of 38610?
0
What is the tens digit of 22807?
0
What is the tens digit of 2124?
2
What is the units digit of 45775?
5
What is the tens digit of 1122?
2
What is the units digit of 14748?
8
What is the units digit of 1087?
7
What is the hundreds digit of 724?
7
What is the hundreds digit of 678?
6
What is the hundreds digit of 56661?
6
What is the hundreds digit of 10759?
7
What is the units digit of 9908?
8
What is the thousands digit of 4613?
4
What is the thousands digit of 4028?
4
What is the units digit of 995?
5
What is the units digit of 939?
9
What is the thousands digit of 1248?
1
What is the hundreds digit of 14758?
7
What is the hundreds digit of 11929?
9
What is the hundreds digit of 1295?
2
What is the units digit of 11803?
3
What is the tens digit of 29159?
5
What is the ten thousands digit of 20496?
2
What is the units digit of 5091?
1
What is the hundred thousands digit of 126722?
1
What is the hundreds digit of 73786?
7
What is the units digit of 1664?
4
What is the hundreds digit of 132232?
2
What is the hundreds digit of 36745?
7
What is the thousands digit of 16660?
6
What is the tens digit of 422?
2
What is the hundreds digit of 53728?
7
What is the tens digit of 6174?
7
What is the thousands digit of 2049?
2
What is the units digit of 2312?
2
What is the ten thousands digit of 133322?
3
What is the units digit of 9130?
0
What is the thousands digit of 5163?
5
What is the units digit of 54?
4
What is the tens digit of 3545?
4
What is the hundreds digit of 81201?
2
What is the tens digit of 654?
5
What is the hundreds digit of 56713?
7
What is the units digit of 7358?
8
What is the ten thousands digit of 25671?
2
What is the tens digit of 338?
3
What is the units digit of 1808?
8
What is the thousands digit of 8204?
8
What is the thousands digit of 1606?
1
What is the hundreds digit of 11507?
5
What is the hundreds digit of 1862?
8
What is the hundreds digit of 8414?
4
What is the ten thousands digit of 75451?
7
What is the units digit of 970?
0
What is the hundreds digit of 398?
3
What is the tens digit of 4736?
3
What is the tens digit of 11216?
1
What is the hundreds digit of 2060?
0
What is the tens digit of 25051?
5
What is the thousands digit of 1647?
1
What is the units digit of 530?
0
What is the ten thousands digit of 41077?
4
What is the tens digit of 17482?
8
What is the thousands digit of 9936?
9
What is the hundreds digit of 93100?
1
What is the units digit of 166535?
5
What is the ten thousands digit of 55010?
5
What is the thousands digit of 47451?
7
What is the units digit of 6529?
9
What is the units digit of 480?
0
What is the hundreds digit of 43241?
2
What is the tens digit of 2148?
4
What is the tens digit of 5658?
5
What is the thousands digit of 1703?
1
What is the tens digit of 330?
3
What is the hundreds digit of 15774?
7
What is the units digit of 9632?
2
What is the units digit of 715?
5
What is the tens digit of 30091?
9
What is the ten thousands digit of 19966?
1
What is the units digit of 41583?
3
What is the units digit of 2611?
1
What is the hundreds digit of 2371?
3
What is the ten thousands digit of 45319?
4
What is the hundreds digit of 515?
5
What is the thousands digit of 2327?
2
What is the hundreds digit of 9437?
4
What is the tens digit of 4909?
0
What is the tens digit of 111?
1
What is the units digit of 1318?
8
What is the thousands digit of 113454?
3
What is the tens digit of 1089?
8
What is the thousands digit of 5852?
5
What is the thousands digit of 4236?
4
What is the hundreds digit of 238?
2
What is the units digit of 359?
9
What is the tens digit of 96538?
3
What is the thousands digit of 1220?
1
What is the hundreds digit of 270?
2
What is the units digit of 7752?
2
What is the units digit of 705?
5
What is the units digit of 70117?
7
What is the units digit of 17?
7
What is the hundreds digit of 2077?
0
What is the thousands digit of 76173?
6
What is the units digit of 31724?
4
What is the tens digit of 12546?
4
What is the ten thousands digit of 110921?
1
What is the tens digit of 2054?
5
What is the hundreds digit of 1099?
0
What is the tens digit of 22015?
1
What is the hundreds digit of 9277?
2
What is the ten thousands digit of 126509?
2
What is the thousands digit of 10465?
0
What is the ten thousands digit of 67896?
6
What is the units digit of 7159?
9
What is the thousands digit of 5757?
5
What is the tens digit of 104658?
5
What is the hundreds digit of 2023?
0
What is the hundreds digit of 18268?
2
What is the ten thousands digit of 15492?
1
What is the hundreds digit of 2919?
9
What is the thousands digit of 51336?
1
What is the hundreds digit of 50830?
8
What is the units digit of 11115?
5
What is the hundreds digit of 839?
8
What is the tens digit of 3959?
5
What is the units digit of 82157?
7
What is the thousands digit of 9015?
9
What is the units digit of 5013?
3
What is the units digit of 1183?
3
What is the tens digit of 3630?
3
What is the hundreds digit of 111507?
5
What is the hundreds digit of 353?
3
What is the units digit of 1310?
0
What is the hundreds digit of 248?
2
What is the tens digit of 845?
4
What is the hundreds digit of 1655?
6
What is the units digit of 1025?
5
What is the tens digit of 908?
0
What is the hundreds digit of 2271?
2
What is the tens digit of 1011?
1
What is the ten thousands digit of 94190?
9
What is the thousands digit of 4168?
4
What is the units digit of 716?
6
What is the hundreds digit of 176?
1
What is the units digit of 143541?
1
What is the units digit of 874?
4
What is the hundreds digit of 60143?
1
What is the hundreds digit of 1505?
5
What is the thousands digit of 54850?
4
What is the units digit of 5350?
0
What is the tens digit of 82?
8
What is the units digit of 77?
7
What is the ten thousands digit of 12245?
1
What is the tens digit of 8400?
0
What is the hundreds digit of 1072?
0
What is the units digit of 1481?
1
What is the units digit of 7321?
1
What is the thousands digit of 6204?
6
What is the tens digit of 1049?
4
What is the ten thousands digit of 63956?
6
What is the thousands digit of 49193?
9
What is the tens digit of 31029?
2
What is the ten thousands digit of 98171?
9
What is the ten thousands digit of 10524?
1
What is the hundreds digit of 17283?
2
What is the hundreds digit of 4404?
4
What is the hundreds digit of 8192?
1
What is the hundreds digit of 2042?
0
What is the units digit of 453?
3
What is the ten thousands digit of 18093?
1
What is the tens digit of 78064?
6
What is the tens digit of 308?
0
What is the thousands digit of 7620?
7
What is the thousands digit of 1013?
1
What is the hundreds digit of 738?
7
What is the hundreds digit of 5787?
7
What is the units digit of 792?
2
What is the thousands digit of 28394?
8
What is the units digit of 255?
5
What is the thousands digit of 3517?
3
What is the tens digit of 946?
4
What is the tens digit of 6615?
1
What is the thousands digit of 56894?
6
What is the thousands digit of 51437?
1
What is the units digit of 547?
7
What is the units digit of 199215?
5
What is the hundreds digit of 72691?
6
What is the units digit of 263?
3
What is the units digit of 3239?
9
What is the units digit of 2729?
9
What is the hundreds digit of 2275?
2
What is the hundreds digit of 1168?
1
What is the tens digit of 9598?
9
What is the thousands digit of 15556?
5
What is the hundreds digit of 11016?
0
What is the hundreds digit of 42771?
7
What is the hundreds digit of 31168?
1
What is the units digit of 1592?
2
What is the units digit of 2494?
4
What is the thousands digit of 5278?
5
What is the tens digit of 28135?
3
What is the hundreds digit of 27500?
5
What is the hundreds digit of 145644?
6
What is the hundreds digit of 1065?
0
What is the thousands digit of 3500?
